rime factors of n.
239
Let d be 1*(7 - 4 - (19 - 1)). Let l(p) = p**3 + 15*p**2 - 9*p - 12. What are the prime factors of l(d)?
3, 41
Suppose -823 = -24*t + 8249. List the prime factors of t.
2, 3, 7
Let p = -6115 - -9692. List the prime factors of p.
7, 73
Let d = 36 - 33. Suppose -2*r = -d*j - 13 - 9, 5*r - 48 = 4*j. List the prime factors of r.
2
Let f(i) = 11*i**3 - i**2 + 10 + 11*i**3 - 23*i**3 + 0*i**2. Suppose 2*s = 5*n - 8, 7*s - 3*s + 16 = 3*n. What are the prime factors of f(n)?
2, 5
Let k = -1697 - -3389. What are the prime factors of k?
2, 3, 47
Suppose -2*t + 4*t - 6 = 0. Let d = -4 + 6. Suppose -t*x + 5 = -d*x, 0 = -p - 4*x + 76. What are the prime factors of p?
2, 7
Let r be 15/(-6)*-6 + -3. Let i = r + 35. What are the prime factors of i?
47
Let w(m) = -2*m**2 - 2*m + 408. Let d be w(0). Let s = d - 265. What are the prime factors of s?
11, 13
List the prime factors of (17 + -48)*(-6 + -1).
7, 31
Let m = -140 + 865. What are the prime factors of m?
5, 29
Let h be (-82)/(-5) - (-28)/(-70). Let q(i) = 5*i + 0*i - 2*i - h + 5*i. What are the prime factors of q(8)?
2, 3
Let m(l) = 2*l**2 - 12*l + 2. Let q be m(8). Let n = 51 - q. Suppose 3*c + 5*x - n = 0, 2*c + 4*x = -0*x + 12. List the prime factors of c.
2
Let a(u) be the second derivative of u**3/3 + u**2/2 + 5*u. Suppose 2*h - 39 = -13. What are the prime factors of a(h)?
3
Suppose -2*v + 660 = 4*m, 6*m = -5*v + m + 1670. List the prime factors of v.
2, 13
Let b = 722 - 432. What are the prime factors of (60/50)/(4/b)?
3, 29
Suppose -37*z = -27*z - 16180. List the prime factors of z.
2, 809
Let q(i) = -i**3 - 9*i**2 - 9*i - 6. Let z be q(-8). Suppose h - 52 = u - 158, 3*u - 298 = -z*h. Suppose 0 = -0*o - 3*o + u. List the prime factors of o.
2, 17
Suppose 5*v + 7*t - 4*t = 32, 3*v - 3*t = 0. Let u be 71/2 + (-2)/v. Let y = 54 - u. List the prime factors of y.
19
Let t = -12 - -33. Let v be (-24)/(-14) - (-6)/t. Suppose -v*o = -4*o + 34. List the prime factors of o.
17
Let u(t) = t**3 + 11*t**2 + 8*t - 11. Let p be (48/3)/4 + -12. List the prime factors of u(p).
3, 13
Let o(d) = d**2 + 6*d + 10. Let n be o(-3). Suppose -9 = 4*c + 5*j, -3*c + 5*c = 5*j - 27. What are the prime factors of n*37 + (-6)/c?
2, 19
Let o(s) be the third derivative of -s**7/1680 - s**6/360 - s**5/15 + 3*s**2. Let i(h) be the third derivative of o(h). List the prime factors of i(-9).
5
Let r(b) = -b**3 + 9*b**2 - 8*b + 3. Let q be r(8). Suppose -5 = -q*t + j + 4*j, -2*t + 2 = -3*j. List the prime factors of (-2 - -4) + (51 - t).
2, 29
Let p be -2 - 0 - 1*4. Let c(d) be the first derivative of d**4/4 + 2*d**3 - d**2 - 5*d - 113. List the prime factors of c(p).
7
List the prime factors of (2 + 22)*(8 - 84/(-48)).
2, 3, 13
Suppose 0 = -5*x - 3*b + 2810, b + 4*b = 0. List the prime factors of x.
2, 281
Suppose -16 = -2*w + t - 2*t, 2*w - 3*t = 0. Let q be (w/(-4))/((-6)/248). Suppose q = 4*i - 30. What are the prime factors of i?
23
Let s = -12 - -17. Suppose -s*p + 23 = -7. What are the prime factors of (-182)/21*p/(-4)?
13
Let b = 20 - 16. Suppose -3 = -b*l + 5. What are the prime factors of (-5)/l*924/(-110)?
3, 7
Let l(u) = -u + 27 - 4 - 13. Suppose -2*t - 1 = -2*r - 3*r, -5*t - 55 = 5*r. List the prime factors of l(t).
2, 3
Suppose 19*f - 2940 = -f. List the prime factors of f.
3, 7
Suppose 4*n = 4*h - 4629 + 1017, -5*h - 3*n = -4483. What are the prime factors of h?
29, 31
Let o(z) be the first derivative of 19*z**2/2 - 64*z + 10. What are the prime factors of o(7)?
3, 23
Suppose 0 = 15*v - 14*v - 253. What are the prime factors of v?
11, 23
List the prime factors of (-13 - 4/(-1)) + 624.
3, 5, 41
Suppose -5*u = 2*f - 35, -4*u = 3*f + 2*f - 45. Suppose 2*n + 2*r = 10, -2*n - f = -4*n + 3*r. Let j(z) = 2*z - 1. List the prime factors of j(n).
7
What are the prime factors of (-328)/123*(-2994)/8?
2, 499
Let z be (-1 - 146)/((-3)/2). Let j = z - 12. List the prime factors of j.
2, 43
Let j(i) = i**3 + 5*i**2 + 41*i + 17. List the prime factors of j(9).
2, 5, 19
Suppose 2*t + 7*a = 3*a + 152, -3*t + 173 = -5*a. Let n = 115 - t. List the prime factors of n.
7
Suppose h + 2*h - 33 = 0. Let t = 35 + h. What are the prime factors of t?
2, 23
What are the prime factors of 2 - (-33)/(-15) - 5162/(-10)?
2, 3, 43
Let p(x) = -3*x - 1. Let m be p(-5). Let r = -15 + m. List the prime factors of r - (1 - 14 - 0).
2, 3
Let q(d) = -d**3 + d + 5. Let h be q(0). Suppose -3*m = n - 2 - 5, 5*n - 35 = h*m. Suppose -2*u + n*u - 60 = 0. What are the prime factors of u?
2, 3
Suppose 4*o + 20 = -6*b + 2*b, -b - 13 = -o. Let g(k) = k**2 + 10*k + 8. Let u be g(b). What are the prime factors of 27 - (2 + (u - -1))?
5
Let w(h) = 5*h**2 + 9*h + 39. List the prime factors of w(-5).
7, 17
What are the prime factors of (40056/(-36))/(7/(42/(-4)))?
1669
Let i(q) = -18 + 20 + q**2 + 0*q + 7*q. Let h be i(-7). Suppose 0 = 5*c - 5*j - 226 + 61, -h*c - 5*j + 66 = 0. List the prime factors of c.
3, 11
Let n = -60 - -42. Let c = -254 - -232. Let p = n - c. What are the prime factors of p?
2
Suppose -1162 = -5*u + u + p, -5*p + 570 = 2*u. What are the prime factors of u?
2, 5, 29
List the prime factors of (-12)/(-18) + 4412/6.
2, 23
Let z = 6 - -5. Suppose 15*c = z*c + 560. Suppose p - c = -4*p. List the prime factors of p.
2, 7
Suppose 7*a + 3 + 4 = 0. List the prime factors of (0 - 16/6)/(a/48).
2
Suppose 3*a + 17*n - 3230 = 16*n, -5386 = -5*a + n. What are the prime factors of a?
3, 359
Suppose 7*v - 2*v - 410 = 0. Let h = v + -10. Suppose -3*i = -0*i - h. List the prime factors of i.
2, 3
Suppose 0 = 3*a + 40 + 29. Let o(l) = -3*l + 7. Let u be o(6). Let k = u - a. List the prime factors of k.
2, 3
Suppose 2*g - 2*s - 14 = 0, -2*s - 2*s + 80 = 5*g. List the prime factors of g.
2, 3
Suppose 0*t = -3*t + 6. Let h(k) = 14*k**3 - 2*k**2 - 2*k + 4. List the prime factors of h(t).
2, 13
Suppose -4*o + 4 = -2*k, 4*k = -4*o + o + 14. Suppose -k*v - 6 = v. What are the prime factors of (1 + 6/(-2))*v?
2
What are the prime factors of (-5840)/(-6) - 1 - (-1)/(-3)?
2, 3
What are the prime factors of 23674/70 + ((-2)/2)/5?
2, 13
Suppose -17*o + 676 + 13553 = 0. What are the prime factors of o?
3, 31
Suppose 3*p + 3*u - 146 - 7 = 0, -3*u - 15 = 0. Let j = p - 29. List the prime factors of j.
3
Suppose 3*o - 692 = -3*j + 7*o, 0 = 4*o + 20. Suppose m - 3*m = -j. Suppose 2*k = -5*b + 4*k + 138, -4*b + 2*k = -m. List the prime factors of b.
2, 13
Suppose -142*z = -148*z + 5940. List the prime factors of z.
2, 3, 5, 11
Let t be (40/18 - 2) + (-16)/72. Let k(c) = -c**3 + c**2 - 4*c + 55. List the prime factors of k(t).
5, 11
Let o(q) = 2*q**2 - 9*q - 8. Let z be o(7). Suppose -b - 2 = 3*n, b - 10 = 3*b + 3*n. Let h = b + z. List the prime factors of h.
19
Suppose 4*m - 521 = 3*p, 4*m - 2*p - 263 = 255. Suppose -4*k = k - 20. Suppose k*s + 0*s - m = 0. What are the prime factors of s?
2
Suppose 0 = -2*t - 3*k + 840, -t + k = -2*k - 429. Suppose 0*y + 3*y = t. List the prime factors of y.
3, 47
Let d = 119 - 133. List the prime factors of (-1)/(1/3) - (d - -2).
3
List the prime factors of -6436*(38/(-456))/(2/6).
1609
List the prime factors of ((-2787)/(-1))/((5 - 32)/(-9)).
929
Suppose -2*p + 112 = 2*p. Suppose 4*o + 3*z - 453 = -p, z + 101 = o. Suppose -3*j - 4*q + o = q, 0 = -2*q + 2. List the prime factors of j.
3, 11
Let i = 20 - 17. Let w be (-4)/(2/2 - 0). Let v = i - w. List the prime factors of v.
7
Let z(u) = -u + 2. Let l be z(0). Suppose 4 = 5*j - l*v, 0*j - v - 2 = 4*j. Suppose j = -2*r, 5*b + 3*r = 7*r + 55. List the prime factors of b.
11
Suppose 5*q + 2*n - 2576 = 0, -9*n + 5*n = 2*q - 1024. What are the prime factors of q?
2, 3, 43
Let a = 10 + -15. Let f(z) = -9*z**2 + 9*z - 3. Let d(c) = -14*c**2 + 13*c - 4. Let u(l) = a*d(l) + 7*f(l). List the prime factors of u(-1).
2
Suppose -2*z - 15 = z. List the prime factors of z/2*((-1316)/20 + -1).
167
Let h(t) be the first derivative of t**4/4 - 5*t**3 + 15*t**2/2 - t + 34. Suppose 0 = 5*n - 2*k - 62 - 12, 5*n = k + 72. List the prime factors of h(n).
13
Let t = 6013 + -4214. What are the prime factors of t?
7, 257
Let v = -9 + 6. Let d = v + 23. Let t = d + 7. What are the prime factors of t?
3
Let d = 17 - 12. Let j(c) = 13*c + 35. Let l be j(5). Suppose -p = 4*p - o - l, 5*p + d*o - 100 = 0. 